t z be y(0). Suppose -k + 6*k - 10 = 0. Let f(a) = 0*a - 3*a**2 + 6*a - 9*a + 4*a**k - 4. Calculate f(z).
0
Let h(q) be the third derivative of q**5/60 - q**4/12 + q**3/6 + 4*q**2. Let u = 5 - 1. Suppose 2*y + u = 4*y. Determine h(y).
1
Let a(y) be the first derivative of y**3/3 + y**2/2 - y + 65. Let u be (-2 - 16/(-2)) + -3. Let h be (4 + -1)/u*0. Give a(h).
-1
Let m(j) = j**2 - 8*j + 14. Let a be m(6). Suppose 3*o = a*o. Let q(k) = o*k**2 + 0*k - k - 1 + 0*k**2 + k**2. Give q(-1).
1
Let u(x) be the third derivative of 1/120*x**6 - 2/3*x**3 + 0 + 7/60*x**5 + 5/24*x**4 + 0*x - 7*x**2. Give u(-5).
21
Let n = -119 - -126. Let p(o) = -o**2 + 8*o - 4. What is p(n)?
3
Let p be (1/2)/(2/4). Let i(v) = -v + 2*v + 58 - 65. Let j(x) = -4*x + 19. Let k(s) = -8*i(s) - 3*j(s). Give k(p).
3
Let f(k) be the first derivative of -k**3/3 + 7*k**2/2 + 3*k - 3. Give f(6).
9
Let v be (-15)/(15/(-3)) - 8/(-1). Suppose 4*p - v = 17. Let j(b) = -2*b + 3. Calculate j(p).
-11
Let t(r) = -r**2 - r + 1. Suppose 1 = -2*x - 3. Let f(z) = z**3 - 2*z**2 + 3*z - 2. Let n(p) = x*t(p) - f(p). What is n(4)?
-4
Let u(l) = -l**3 - 6 + 61*l**2 + 0*l**3 + 8*l - 56*l**2. Calculate u(6).
6
Let t(l) = -4*l + 2. Let h(w) = 3*w**3 - 1. Let d(m) = m + 4. Let u be d(0). Suppose 0 = -g - 3*g + u. Let b be h(g). Determine t(b).
-6
Let o(m) be the first derivative of -m**3/3 - 9*m**2/2 - 11*m + 221. Determine o(-6).
7
Let z be 14/(-77) + (-68)/(-11). Let v(h) be the second derivative of -2*h + 3/2*h**2 + h**3 + 0 - 1/12*h**4. Calculate v(z).
3
Let z = 32 + -30. Let a(i) = 3 + 1 - z + i. Determine a(3).
5
Let k = 735 - 755. Let h(x) = 3*x + 61. Give h(k).
1
Let z(a) = a**2 + 9*a - 15. Suppose 18 = -12*x - 102. Determine z(x).
-5
Suppose -27*l - 6 = 48. Let o(r) = 7*r + 1. Calculate o(l).
-13
Let b(y) be the third derivative of 17*y**4/24 + y**3/6 + 114*y**2. Determine b(-1).
-16
Suppose -5*i = -3*s + 18, 5*s - 10 = 6*i - i. Suppose 0*z - 2*j + 39 = 5*z, -3*j + 27 = 3*z. Let f(r) = -4 + z*r - 5*r**2 + 2*r**2 + 5 + 4*r**2. Give f(i).
-5
Let n(c) be the first derivative of c - 26. Let r(b) = 2*b + 8. Let g(p) = -n(p) + r(p). Calculate g(-5).
-3
Let t(o) = -o - 4. Suppose -4*k - 8 = 5*a, -5*a + 2 = -k - 2*a. Let w be (-3 - -2)/(-3 - k). Let y be w/(-2) + 55/(-10). Determine t(y).
2
Let u(l) be the first derivative of 2*l**3/3 - 7*l**2 - 7. Let p be u(7). Let o(g) = -g - 4. Let i be o(p). Let t(d) = d**3 + 3*d**2 - 2*d + 3. Calculate t(i).
-5
Let o(y) be the first derivative of y**4/4 + 2*y**3 + y**2 - 7*y - 38. What is o(-6)?
-19
Suppose 5*c = -2*i + 66, 21*c - 22*c = -5*i - 24. Let j(g) be the first derivative of -c + 2*g + 3/2*g**2. Calculate j(2).
8
Let p(h) = -4*h - 9. Let j(l) = -l - 1 + 0 + 0*l. Let d(z) = -5*j(z) + p(z). Let v = 119 - 117. Determine d(v).
-2
Let u(l) = -5*l - 4. Suppose -3*w + 4*o = -0*o - 12, -5*w - 4*o = -20. Let p(k) = -11*k - 8. Let x(i) = w*p(i) - 9*u(i). Give x(-8).
-4
Let s(b) = 3*b**2 - b**3 - 7*b - 6*b**2 - 3*b**2 + 1. Give s(-5).
11
Let v be ((-1)/(-3))/((-9)/(-135)). Suppose -4*y = -v - 3. Let r(m) = 13 - 3*m**2 + 2*m + 4*m**2 + m**y - 11. Calculate r(-2).
6
Let u = -22 - -18. Let v be (u/(-3))/(24/36). Let b(p) = 5*p**v + 29*p**3 - 3 + 0 - 30*p**3. What is b(5)?
-3
Suppose -4*w + 13*s + 27 = 16*s, -2*w - 3*s = -21. Let t(j) = -3*j**2 + 4*j - 1. What is t(w)?
-16
Suppose -2*a = 4*h + 11 + 3, -4*h = 20. Let q(t) = a*t - 5*t + t - 3 - 10. Calculate q(-7).
-6
Let o(q) be the third derivative of -q**8/20160 + q**7/720 + q**6/240 - q**5/20 + 4*q**2. Let w(x) be the third derivative of o(x). What is w(8)?
-5
Let d(l) = -l**2 - 6*l - 8. Let w be (-12)/18 + (-32)/6. Let a(f) = 4*f + 18. Let h be a(w). Calculate d(h).
-8
Let u(b) = b**2 + 5*b + 6. Let p(v) = -8 - 4 - 9 + 22. Let w(i) = -5*p(i) + u(i). Calculate w(-6).
7
Let a(j) = -j**2 + 1. Let m(i) = i**3 + 14*i**2 + 4*i - 21. Let d(s) = -6*a(s) - m(s). Let g be d(-7). Let h(q) = 8*q + 3*q + q**2 - 3*q + 2. Calculate h(g).
-10
Let s(h) = 1 + 74*h**3 - 153*h**3 + h**2 + h**2 + 80*h**3 - 4*h - 4*h**2. Let l(t) = -2*t - 1. Let v be l(-2). Give s(v).
-2
Let y(s) be the second derivative of s**4/12 + 5*s**3/6 - 6*s**2 + 14*s. Determine y(-5).
-12
Let o(w) be the first derivative of -w**5/60 - w**4/2 - 2*w**3/3 - 15. Let a(r) be the third derivative of o(r). What is a(-8)?
4
Let v(q) = -73*q - 801. Let b be v(-11). Let w(u) be the first derivative of 1/2*u**b - 4*u + 8. Calculate w(0).
-4
Let l(t) = 10*t**3 - t**2 - t + 1. Suppose c = 5*c - 5*y + 16, -6 = 2*c - 2*y. Give l(c).
9
Let l(p) be the first derivative of 0*p + 14 - 2/3*p**3 + 0*p**2. Give l(-1).
-2
Let m(d) be the second derivative of d**5/20 - 7*d**4/12 + d**3/6 - 3*d**2/2 - 20*d. Suppose -5*p = -3*a - 20, 0 = -5*p - 11*a + 8*a + 50. What is m(p)?
4
Suppose 5*k + 4*q = q + 14, -4*k - q + 7 = 0. Let i(s) = -14 - k + 13 + 2*s. Suppose -d - 5*o = 1 + 5, 2*d + 3*o = 2. Calculate i(d).
6
Let r(s) = s**3 + 2*s**2 - 7*s + 7. Let u(t) = -t**2 + 3*t - 3. Let m(g) = -11*g - 35. Let p be m(-4). Let y(n) = p*u(n) + 4*r(n). Give y(1).
3
Let p(v) = -v - 8. Let f be p(-5). Let d(l) be the first derivative of -13*l + l + 9*l + 10 - l**2. What is d(f)?
3
Let a(i) be the third derivative of 0*i + i**3 + 0 - 5/24*i**4 - 1/60*i**5 + 2*i**2. Suppose 159*b - 30 = 164*b. What is a(b)?
0
Suppose 147 - 887 = -5*m. Let o = -146 + m. Let r(q) = -2*q - 3. Let w(i) = -2*i - 2. Let s(d) = 4*r(d) - 5*w(d). What is s(o)?
2
Let a(s) be the first derivative of 6*s + 1 + 5/2*s**2 - 1/3*s**3. Let r = 1956 + -1950. Determine a(r).
0
Let g(u) = 0*u**2 - 7259*u + 7261*u - u**2 + 5*u**2. Determine g(2).
20
Let h(s) = 5*s**2 - 2*s. Let y be (-21)/(-28) + (-3 - 51/(-12)). Let i be 5/y*(12/(-5))/3. What is h(i)?
24
Let i(c) = c**3 + 2*c**2 + 3*c + 1. Let q be (4/(-7))/(12/42). Determine i(q).
-5
Let q(h) = -h**3 - 5*h**2 - 4*h - 6. Let n(z) = -2*z + 1. Let f be n(-6). Let b = f + -7. Suppose -b*m = -m + 20. Calculate q(m).
-6
Let r be (-18)/12*(-68)/(-3). Let v = 33 + r. Let t(g) = 1 - 2*g**2 + g**2 - 4 + 2. Give t(v).
-2
Let m(u) be the first derivative of -u**4/24 - u**3/3 - u**2/2 - 16. Let t(r) be the second derivative of m(r). Determine t(5).
-7
Let g(m) = m - 2 - m + m. Let n(j) = -5*j + 8. Let w be n(-4). Let p = w + -33. What is g(p)?
-7
Let o(m) be the first derivative of -m**4/4 + 4*m**3/3 + 3*m**2 - 7*m + 132. Calculate o(5).
-2
Let m = 21 - 24. Let y(s) = 15*s + 16*s + 3*s**2 - 27*s. Give y(m).
15
Let i(x) = -22*x**2 + 34*x**2 - 11*x**2 + 3*x. Determine i(-5).
10
Let r(f) = 2*f - 12. Suppose 0 = -11*n + 13*n - 90. Suppose 0 = 4*l + l - n. Determine r(l).
6
Let n(x) = x**3 + 9*x**2 + 21*x + 14. Let w be n(-5). Let v(l) = l - 9. Let h(c) = -c + 8. Let o(d) = -6*h(d) - 5*v(d). Give o(w).
6
Suppose -15 - 65 = -4*y. Suppose 22*d - 8 = y*d. Let u(j) = -j**2 + 7*j - 5. Calculate u(d).
7
Suppose -12*q = -75 - 9. Let v(l) = 6*l + 5 - l - q*l + 3*l. Let n(f) = -4*f + 4. Let u be n(3). Determine v(u).
-3
Suppose 0*w = -5*w + 20. Suppose 0 = -3*d - 2*k + 13, -k + w = k. Let j(v) = -2*v**2 + 2*v**d - 41 + 40 - 3*v**3 + 2*v. Determine j(1).
-2
Let l(z) be the second derivative of -z**6/72 - z**5/120 - 5*z**4/12 - 6*z. Let q(p) be the third derivative of l(p). What is q(1)?
-11
Let t(m) = -m**2 + 6*m + 5. Suppose -3*p = -3*q + 306, 4*q + 5*p = 4*p + 418. Let y = -99 + q. What is t(y)?
10
Let y(v) = -v + 9. Suppose 2*g = 3*t - 233, -5*g + 277 = 2*t + 90. Let h = 86 - t. What is y(h)?
4
Let z(y) be the first derivative of y**2/2 + 8*y - 72. Calculate z(-4).
4
Let q(j) = 2*j**2 + j + 1. Let t be 2/(-4) - (-1)/2 - -64. Let n = t + -66. Calculate q(n).
7
Let l(h) = h**2 + 4*h - 7. Let r be l(-6). Let a = -87 - -89. Let x(b) = -1 - a - 3 - 5*b + 6*b. Determine x(r).
-1
Let a(l) = 3*l**3 + 23*l**2 - 8*l. Let y be a(-8). Let f(q) = -q**3 - q**2 - q + 11. What is f(y)?
11
Let y(q) be the first derivative of -3/2*q**2 - 9 + q. What is y(-1)?
4
Let y(b) = -b**2 - 4*b + 4. Let v be y(-4). Let w(o) = -2*o**2 + o**2 + 3*o + 0*o - v. Let g(r) = -2*r**2 - 5*r + 37. Let x be g(3). Determine w(x).
-8
Let r(u) be the second derivative of -u**4/12 - 5*u**3/3 - 5*u**2/2 + 86*u + 2. Calculate r(-3).
16
Let g(y) = -11*y + 12. Suppose -16 = 2*p + 15*x - 11*x, 0 = -4*p + x + 13. Determine g(p).
-10
Let h(g) = g**2 - 3*g - 4. Su